it of 114980548?
0
What is the units digit of 141019883?
3
What is the hundred thousands digit of 3583902351?
9
What is the ten thousands digit of 60605969?
0
What is the hundred thousands digit of 908199628?
1
What is the units digit of 639872839?
9
What is the hundred thousands digit of 962745823?
7
What is the hundreds digit of 315711751?
7
What is the tens digit of 1067911573?
7
What is the hundred millions digit of 2575434639?
5
What is the ten thousands digit of 2590661679?
6
What is the ten millions digit of 1811646038?
1
What is the units digit of 296376226?
6
What is the billions digit of 1427979357?
1
What is the millions digit of 255174649?
5
What is the hundreds digit of 385950671?
6
What is the hundred millions digit of 161798640?
1
What is the hundred thousands digit of 99264818?
2
What is the ten thousands digit of 5764844566?
4
What is the hundred millions digit of 2094406557?
0
What is the ten millions digit of 172793844?
7
What is the ten millions digit of 175945588?
7
What is the hundred thousands digit of 463909635?
9
What is the units digit of 2637681?
1
What is the millions digit of 4491825019?
1
What is the hundred millions digit of 110832244?
1
What is the hundred thousands digit of 733278565?
2
What is the hundreds digit of 769853776?
7
What is the tens digit of 9002766?
6
What is the hundreds digit of 163282865?
8
What is the hundreds digit of 26035038?
0
What is the millions digit of 45545523?
5
What is the ten thousands digit of 19491062?
9
What is the millions digit of 64027955?
4
What is the ten millions digit of 490859884?
9
What is the units digit of 32972166?
6
What is the thousands digit of 44918179?
8
What is the ten thousands digit of 302205717?
0
What is the hundred thousands digit of 130761034?
7
What is the tens digit of 123883292?
9
What is the thousands digit of 4440835224?
5
What is the ten millions digit of 134005567?
3
What is the units digit of 24820432?
2
What is the hundred millions digit of 663151293?
6
What is the hundreds digit of 5807563230?
2
What is the ten thousands digit of 31060138?
6
What is the ten millions digit of 2349351661?
4
What is the hundred millions digit of 126138495?
1
What is the units digit of 61071758?
8
What is the ten millions digit of 1500895282?
0
What is the units digit of 130598114?
4
What is the units digit of 427303911?
1
What is the ten thousands digit of 32283621?
8
What is the hundred millions digit of 207081933?
2
What is the ten thousands digit of 322238734?
3
What is the hundred thousands digit of 521237193?
2
What is the ten thousands digit of 2537241369?
4
What is the tens digit of 395669783?
8
What is the ten thousands digit of 467191476?
9
What is the millions digit of 296365092?
6
What is the ten millions digit of 665020865?
6
What is the hundred thousands digit of 791866316?
8
What is the hundred thousands digit of 1234361134?
3
What is the ten millions digit of 653117459?
5
What is the units digit of 67507127?
7
What is the ten millions digit of 138628819?
3
What is the ten thousands digit of 569388003?
8
What is the ten thousands digit of 207244263?
4
What is the ten millions digit of 39770780?
3
What is the hundreds digit of 62132928?
9
What is the tens digit of 6239283?
8
What is the thousands digit of 160744825?
4
What is the tens digit of 40784670?
7
What is the millions digit of 820670443?
0
What is the units digit of 381435969?
9
What is the hundreds digit of 335735553?
5
What is the tens digit of 1545229?
2
What is the tens digit of 635449040?
4
What is the ten thousands digit of 1069523847?
2
What is the hundreds digit of 101763759?
7
What is the units digit of 4153763636?
6
What is the millions digit of 585858091?
5
What is the millions digit of 67762894?
7
What is the tens digit of 369264908?
0
What is the millions digit of 763311924?
3
What is the hundreds digit of 165215034?
0
What is the hundreds digit of 4991436492?
4
What is the ten thousands digit of 5046428318?
2
What is the millions digit of 141183856?
1
What is the hundreds digit of 252671828?
8
What is the thousands digit of 14763754?
3
What is the tens digit of 904219600?
0
What is the millions digit of 6899791040?
9
What is the tens digit of 268171428?
2
What is the millions digit of 39669857?
9
What is the millions digit of 236617255?
6
What is the ten millions digit of 71277651?
7
What is the hundred thousands digit of 1590570?
5
What is the units digit of 462495686?
6
What is the tens digit of 107260142?
4
What is the millions digit of 60087399?
0
What is the hundred thousands digit of 473454813?
4
What is the hundreds digit of 85687369?
3
What is the hundreds digit of 422674914?
9
What is the tens digit of 256395156?
5
What is the hundred millions digit of 3511784235?
5
What is the hundred thousands digit of 4001574988?
5
What is the thousands digit of 103347054?
7
What is the units digit of 5844786984?
4
What is the ten millions digit of 790493986?
9
What is the ten millions digit of 605397263?
0
What is the hundred millions digit of 2166847306?
1
What is the hundred thousands digit of 202123549?
1
What is the hundred thousands digit of 2998870105?
8
What is the units digit of 181016283?
3
What is the units digit of 1345495943?
3
What is the tens digit of 784851650?
5
What is the thousands digit of 6023595994?
5
What is the ten millions digit of 211747583?
1
What is the ten thousands digit of 30493618?
9
What is the tens digit of 73086544?
4
What is the ten thousands digit of 1356547?
5
What is the units digit of 1874584121?
1
What is the hundreds digit of 270237196?
1
What is the units digit of 89889779?
9
What is the tens digit of 487965687?
8
What is the millions digit of 396857493?
6
What is the ten millions digit of 148364720?
4
What is the millions digit of 20909984?
0
What is the units digit of 3034723889?
9
What is the tens digit of 110486371?
7
What is the ten millions digit of 47222733?
4
What is the tens digit of 874860940?
4
What is the tens digit of 522463697?
9
What is the tens digit of 5368653369?
6
What is the tens digit of 126207621?
2
What is the millions digit of 19160995?
9
What is the ten thousands digit of 753265669?
6
What is the ten thousands digit of 49636760?
3
What is the tens digit of 316272675?
7
What is the hundreds digit of 135399525?
5
What is the tens digit of 428829415?
1
What is the units digit of 52841086?
6
What is the ten millions digit of 344877775?
4
What is the ten thousands digit of 588888406?
8
What is the millions digit of 74045619?
4
What is the units digit of 94285596?
6
What is the thousands digit of 86425564?
5
What is the tens digit of 119636706?
0
What is the units digit of 32649817?
7
What is the units digit of 117587746?
6
What is the hundred thousands digit of 56660879?
6
What is the tens digit of 207162904?
0
What is the ten millions digit of 1028366871?
2
What is the millions digit of 1582383112?
2
What is the hundreds digit of 54581346?
3
What is the millions digit of 29058182?
9
What is the tens digit of 24585310?
1
What is the thousands digit of 153161245?
1
What is the ten thousands digit of 76589782?
8
What is the hundred thousands digit of 122916240?
9
What is the hundred millions digit of 1046015871?
0
What is the units digit of 27850572?
2
What is the tens digit of 1080961697?
9
What is the tens digit of 626900101?
0
What is the hundreds digit of 678508190?
1
What is the hundreds digit of 158968584?
5
What is the ten thousands digit of 3616190688?
9
What is the hundred thousands digit of 39879549?
8
What is the thousands digit of 7343881223?
1
What is the hundred thousands digit of 3460707038?
7
What is the billions digit of 1663263160?
1
What is the ten thousands digit of 949341755?
4
What is the units digit of 13264810?
0
What is the hundreds digit of 71351951?
9
What is the hundreds digit of 93668731?
7
What is the ten millions digit of 6601585849?
0
What is the tens digit of 382572298?
9
What is the tens digit of 2969468450?
5
What is the units digit of 12036543?
3
What is the tens digit of 64179583?
8
What is the ten thousands digit of 752322125?
2
What is the hundred thousands digit of 94658585?
6
What is the ten millions digit of 5058711492?
5
What is the hundred thousands digit of 5168521?
1
What is 